factor of 96487?
False
Is 15 a factor of 2954183?
False
Does 5 divide 259433?
False
Does 869 divide 18206419?
True
Is 1764188 a multiple of 556?
True
Is 3600924 a multiple of 654?
True
Is 5 a factor of 89185?
True
Is 635 a factor of 400975?
False
Is 131 a factor of 827051?
False
Is 47 a factor of 7429269?
False
Is 14 a factor of 216552?
True
Is 775802 a multiple of 82?
True
Does 55 divide 328359?
False
Is 2136262 a multiple of 67?
False
Is 250 a factor of 359134?
False
Is 245742 a multiple of 5?
False
Does 5 divide 310851?
False
Does 28 divide 27770736?
True
Is 3189778 a multiple of 17?
True
Is 1044 a factor of 6828973?
False
Is 16 a factor of 1745763?
False
Does 361 divide 1104299?
True
Is 1648768 a multiple of 352?
True
Is 2576540 a multiple of 249?
False
Is 82 a factor of 115210?
True
Is 39 a factor of 13195577?
False
Does 158 divide 91008?
True
Is 88 a factor of 430091?
False
Is 44 a factor of 5389456?
False
Does 37 divide 2635603?
False
Does 44 divide 374879?
False
Is 3 a factor of 248070?
True
Is 509 a factor of 220397?
True
Is 462540 a multiple of 20?
True
Is 64 a factor of 61321?
False
Is 4731377 a multiple of 14?
False
Is 2975097 a multiple of 20?
False
Is 66 a factor of 17634043?
False
Is 5452905 a multiple of 15?
True
Does 78 divide 336336?
True
Is 61 a factor of 7228805?
True
Is 22 a factor of 3486582?
True
Is 2068416 a multiple of 18?
True
Is 1093655 a multiple of 246?
False
Is 3242880 a multiple of 6?
True
Is 638000 a multiple of 290?
True
Does 12 divide 143976?
True
Does 103 divide 107214?
False
Is 494 a factor of 58210?
False
Is 209817 a multiple of 11?
False
Does 46 divide 2742336?
True
Does 7 divide 1641493?
True
Does 198 divide 184125?
False
Is 910350 a multiple of 6?
True
Is 306 a factor of 575284?
False
Does 15 divide 704640?
True
Is 614550 a multiple of 34?
True
Does 6 divide 39472?
False
Does 10 divide 5988560?
True
Is 29 a factor of 152221?
True
Does 103 divide 1616585?
True
Does 782 divide 398228?
False
Does 7 divide 1636418?
True
Does 94 divide 224318?
False
Is 1706 a factor of 1612170?
True
Is 566900 a multiple of 41?
False
Does 15 divide 1716075?
True
Is 108 a factor of 2705050?
False
Is 15 a factor of 20370?
True
Is 345838 a multiple of 19?
True
Does 17 divide 402951?
True
Does 20 divide 155740?
True
Is 411688 a multiple of 45?
False
Is 1804064 a multiple of 38?
False
Is 573838 a multiple of 36?
False
Is 305340 a multiple of 70?
True
Does 105 divide 1690487?
False
Does 1712 divide 1249254?
False
Is 59089 a multiple of 12?
False
Is 4325625 a multiple of 375?
True
Is 9090 a multiple of 52?
False
Is 64 a factor of 1043584?
True
Does 107 divide 147125?
True
Is 1217499 a multiple of 183?
True
Is 32359 a multiple of 3?
False
Does 3 divide 400?
False
Is 223 a factor of 298597?
True
Does 51 divide 19147287?
True
Does 88 divide 2119304?
True
Is 4 a factor of 21913?
False
Is 477 a factor of 10815755?
False
Does 1123 divide 3896131?
False
Is 8 a factor of 230784?
True
Is 7 a factor of 29666?
True
Is 2206244 a multiple of 86?
True
Is 29 a factor of 24660?
False
Is 395736 a multiple of 132?
True
Is 78 a factor of 1337173?
False
Is 16 a factor of 205772?
False
Does 24 divide 412582?
False
Is 22 a factor of 1023256?
False
Is 298537 a multiple of 7?
False
Is 20430914 a multiple of 341?
False
Is 86758 a multiple of 84?
False
Does 22 divide 270798?
True
Is 287 a factor of 4502603?
False
Is 1729643 a multiple of 89?
False
Is 855841 a multiple of 36?
False
Is 16197851 a multiple of 241?
True
Is 987528 a multiple of 276?
True
Is 430 a factor of 1938010?
True
Does 31 divide 583878?
False
Is 68 a factor of 73113?
False
Is 788 a factor of 7984804?
True
Is 397995 a multiple of 195?
True
Is 1119323 a multiple of 839?
False
Does 227 divide 135282?
False
Is 55 a factor of 201831?
False
Is 208 a factor of 1179360?
True
Does 1324 divide 220745?
False
Is 2556658 a multiple of 107?
True
Is 6803880 a multiple of 31?
True
Does 3 divide 35112?
True
Does 55 divide 1177883?
False
Does 38 divide 558928?
False
Does 20 divide 25980?
True
Does 32 divide 41302?
False
Does 361 divide 833441?
False
Is 591 a factor of 472800?
True
Does 65 divide 59442?
False
Does 11 divide 14356188?
True
Is 14 a factor of 294195?
False
Does 102 divide 440436?
True
Does 162 divide 278964?
True
Is 4225554 a multiple of 38?
False
Does 32 divide 995392?
True
Is 50258 a multiple of 37?
False
Is 664 a factor of 8849366?
False
Is 49326 a multiple of 24?
False
Does 21 divide 1188049?
False
Is 1824314 a multiple of 113?
False
Is 49 a factor of 497154?
True
Is 3550735 a multiple of 714?
False
Is 803158 a multiple of 11?
False
Does 573 divide 528134?
False
Is 120943 a multiple of 9?
False
Does 1059 divide 2321454?
False
Does 28 divide 17697642?
False
Is 83 a factor of 124789?
False
Does 60 divide 36453?
False
Does 71 divide 545777?
True
Does 45 divide 12969405?
True
Is 335691 a multiple of 106?
False
Is 15 a factor of 2910450?
True
Is 188 a factor of 381640?
True
Is 161828 a multiple of 10?
False
Is 5 a factor of 2678113?
False
Is 15679604 a multiple of 316?
True
Does 77 divide 75557?
False
Is 11441 a multiple of 2?
False
Does 273 divide 9833?
False
Is 190796 a multiple of 47?
False
Is 63 a factor of 256851?
True
Is 12 a factor of 159840?
True
Is 22786133 a multiple of 1537?
False
Does 267 divide 39983?
False
Is 487 a factor of 1192663?
True
Does 31 divide 394692?
True
Is 6 a factor of 89084?
False
Is 9 a factor of 158245?
False
Is 176 a factor of 26094834?
False
Is 4 a factor of 74001?
False
Does 97 divide 523073?
False
Does 5 divide 804845?
True
Is 150 a factor of 136800?
True
Is 362429 a multiple of 27?
False
Is 21356 a multiple of 19?
True
Is 19 a factor of 218871?
False
Does 304 divide 199623?
False
Does 2 divide 2785219?
False
Does 215 divide 2431220?
True
Does 38 divide 82951?
False
Is 149851 a multiple of 22?
False
Is 2022345 a multiple of 32?
False
Is 7 a factor of 57327?
False
Is 29 a factor of 9517377?
False
Is 3 a factor of 4010736?
True
Does 8 divide 982986?
False
Does 22 divide 19670?
False
Does 17 divide 1104507?
True
Is 388 a factor of 443265?
False
Is 634600 a multiple of 167?
True
Is 5452955 a multiple of 20?
False
Is 2 a factor of 417124?
True
Is 10479135 a multiple of 335?
True
Is 469 a factor of 324080?
False
Is 10 a factor of 358420?
True
Does 157 divide 1234491?
True
Does 45 divide 119175?
False
Does 54 divide 263412?
True
Is 9880944 a multiple of 102?
True
Does 72 divide 767225?
False
Is 151 a factor of 309248?
True
Is 289520 a multiple of 329?
True
Is 1336 a factor of 11772832?
True
Is 14 a factor of 6067175?
False
Is 116 a factor of 12275376?
False
Is 589076 a multiple of 23?
True
Is 64 a factor of 7834484?
False
Does 318 divide 86697?
False
Is 175006 a multiple of 721?
False
Is 4582406 a multiple of 116?
False
Is 320 a factor of 55040?
True
Does 9 divide 9954?
True
Is 159900 a multiple of 26?
True
Is 195494 a multiple of 275?
False
Does 82 divide 161097?
False
Does 48 divide 11232?
True
Is 7 a factor of 102392?
False
Does 568 divide 7749750?
False
Is 24 a factor of 78604?
False
Is 908247 a multiple of 69?
True
Is 191117 a multiple of 20?
False
Is 2340 a multiple of 3?
True
Is 41 a factor of 119927?
False
Does 34 divide 397460?
True
Is 24 a factor of 851592?
True
Is 8 a factor of 49128?
True
Does 182 divide 367367?
False
Is 28184 a multiple of 33?
False
Does 184 divide 2130720?
True
Is 421180 a multiple of 20?
True
Does 4 divide 146784?
True
Is 3102801 a multiple of 19?
False
Does 15 divide 7305?
True
Is 2 a factor of 3337551?
False
Is 97 a factor of 2678121?
False
Is 4 a factor of 14100?
True
Is 436 a factor of 1290996?
True
Is 454226 a multiple of 90?
False
Does 399 divide 1626276?
False
Is 988 a factor of 11106108?
True
Does 12 divide 13511?
False
Is 22 a factor of 2167071?
False
Is 145 a factor of 6041135?
True
Is 350 a factor of 842750?
False
Is 57 a factor of 3065289?
True
Does 74 divide 39017?
False
Is 54564 a multiple of 4?
True
Is 7211640 a multiple of 20?
True
Does 12 divide 637920?
True
Does 2 divide 550360?
True
Is 417691 a multiple of 24?
False
Is 451135 a multiple of 199?
False
Is 40 a factor of 2098120?
True
Does 91 divide 2890615?
True
Does 190 divide 833728?
False
Does 435 divide 392958?
False
Is 436716 a multiple of 18?
True
Is 3 a factor